q(n) = -n**3 - 8*n**2 - 6*n + 2. Determine q(k).
-5
Let k(u) = -23 - 21*u + u**2 + 16*u + 13. What is k(7)?
4
Let k(c) = c**3 - c**2 + c - 3. Let b = -24 + 22. Let q be 0/(4 - (5 + b)). What is k(q)?
-3
Let c(d) = -5*d**3 + 6*d - 3. Let j(r) = 14*r**3 - r**2 - 17*r + 7. Let w(x) = -11*c(x) - 4*j(x). Give w(6).
-55
Let m(b) = -2*b + 6. Suppose 0 = 4*g - 8. Let q be (-7 - -1)/((-3)/g). Calculate m(q).
-2
Suppose 4*l = -2 + 22. Let f(a) = a**2 + a - 9. Let h be f(0). Let m = l + h. Let d(s) = s**2 + 7*s + 6. What is d(m)?
-6
Let n(b) = 9*b + 6. Suppose -16*x + 4 = -20*x. Let v(p) = 2*p + 1. Let w(j) = x*n(j) + 4*v(j). Determine w(6).
-8
Let z(j) be the second derivative of 0 - j - 1/360*j**6 - 1/120*j**5 + 0*j**2 + 0*j**3 - 1/4*j**4. Let t(a) be the third derivative of z(a). What is t(1)?
-3
Suppose -52*x + 47*x - 35 = 0. Let l(m) be the first derivative of -m**2 + 7*m + 1. Let i(t) = t - 6. Let c(a) = -3*i(a) - 2*l(a). Give c(x).
-3
Let q(g) = -g**3 + 3*g**3 - 26 - g**3 - g - 13*g**2 + 31*g**2 + 0*g**2. What is q(-18)?
-8
Let h(w) = w**3 - 5*w**2 + 3*w. Let u be h(4). Let v(f) = 264*f - 5 - 136*f - 131*f. Determine v(u).
7
Let t(x) be the third derivative of -11*x**2 + 5/12*x**4 + 0 + 5/3*x**3 + 1/120*x**6 + 0*x - 11/60*x**5. Determine t(10).
10
Let s(z) = -2*z**3 - 4*z**2 - 3*z. Let u = -607 - -605. Determine s(u).
6
Suppose -12*n + 9 = -3. Let c(z) = -7*z**2. Determine c(n).
-7
Let h(g) = -g + 16. Suppose -6 = -2*c + 2, 0 = 3*z - 5*c + 2. Determine h(z).
10
Let j(k) = -k**3 + 6*k**2 - 3*k - 7. Suppose -3*o + 4*b = -0*o - 64, -3*o + 3*b = -66. Let t be (-12)/o + (-22)/(-4). Determine j(t).
3
Let y(q) = -7*q - 332 - q**2 + 656 - 330. Determine y(-7).
-6
Let i(n) = n - 7. Let z(g) be the first derivative of -g**4/4 - g**3 + 5*g**2 + 2*g - 2. Let k be z(-5). Suppose 5*r = -4*p + 22, 6 = k*p - 5*p. Calculate i(r).
-1
Let w(o) = o**2 + 21*o + 75. Let m be w(-5). Let k(x) = 2*x**2 + 11*x + 11. Give k(m).
6
Let v(h) = h**2 + 13*h - 9. Let x = 285 - 299. What is v(x)?
5
Let i be (-10 - 130/(-10))*-1. Let s(k) be the first derivative of k**5/120 - k**4/24 + k**3/3 - 2. Let c(p) be the third derivative of s(p). Determine c(i).
-4
Let z = 38 + -35. Let q(a) = 3*a + 3*a + 0 - 5*a - 1. What is q(z)?
2
Let m(w) = w + 10. Let q be 5 + 1*(-1 + 2). Let z be 16/(-24)*(0 - 6/(-2)). Let k = z - q. Determine m(k).
2
Let i(j) = j**2 - j - 1 + 2*j - 7*j. Let c(z) = 2*z**2 + 1. Let b = -3 - -2. Let p be c(b). Give i(p).
-10
Let y(d) = d**2 - d - 1. Suppose 0 = -4*i - 4*r + 32, 19*r - 7 = -4*i + 20*r. Give y(i).
5
Let l(f) = 6*f - 5. Let y be l(1). Let b(w) = -19*w + 6*w + 4*w + 3*w + 1. Determine b(y).
-5
Let l(b) be the second derivative of b**5/20 - b**4/3 + b**3/6 + 3*b - 5. Determine l(4).
4
Let m(o) be the second derivative of o**3/6 - o**2/2 - 4*o. Let k(v) = 3*v + 4. Let w(b) = k(b) - 4*m(b). Give w(7).
1
Let p(i) = 11*i - 21 + i**3 + 50 - 42 + 8*i**2. What is p(-6)?
-7
Let g(d) be the second derivative of 7*d**5/20 + d**3/6 - 2*d - 1. Let w(j) = j**2 + 7*j + 7. Suppose 0 = 4*q + 8 + 16. Let t be w(q). Calculate g(t).
8
Let y(c) = -2*c**2 - 24*c + 23. Let d be y(-13). Let w(l) = -4*l + 2. Let p(n) = -2*n + 1. Let t be -2 + 3 + 1*4. Let k(a) = d*w(a) + t*p(a). What is k(4)?
7
Suppose 3*n - 5*a + 38 = -10*a, -20 = 4*n - a. Let t be 2*(-2)/8*n. Suppose 3*d + 6 = -2*b, 5*b = -2*d - 1 - t. Let q(h) = h**2 + 5. What is q(b)?
5
Let p(n) = -n. Let c be (0 - -3)/(5 - (-28)/(-8)). Let d be -1 + -2 + -2*c/4. Determine p(d).
4
Let r(j) = 2*j + 2. Let x(a) = -2*a + 23. Let z = -6 - -19. Let v be x(z). Determine r(v).
-4
Suppose -78*x + 84*x - 36 = 0. Let q be (-12)/(-5) + 2/(-5). Let i(s) = -11 + 3*s - q*s + 3. What is i(x)?
-2
Let d(y) = 1. Let x(b) = -b - 1. Let s(o) = -5*d(o) - x(o). Suppose -2*v = -0*v + 24. Let z be (-39)/v + (-1)/4. What is s(z)?
-1
Let a(l) = 4*l**3 - l - 1. Let o(w) = w**3. Let u(n) = -n**2 + 2*n + n - 3*n + 1. Let k be u(0). Let v(q) = k*a(q) + 2*o(q). What is v(-1)?
-6
Suppose -t = 4*t + 5. Let j(p) be the second derivative of -1/3*p**4 - 3*p - 1/2*p**2 + 0 + 0*p**3. Give j(t).
-5
Let l(z) be the first derivative of 5*z**2/2 - 2*z + 9. Let t(c) = -3*c + 1. Let k(s) = -4*l(s) - 7*t(s). Calculate k(3).
4
Let j(s) = -s**2 - 66*s + 136. Let i be j(-68). Let r(k) = 4*k**2 + 4. Let c(q) = -q**2. Let h(n) = -3*c(n) - r(n). What is h(i)?
-4
Let m(o) = -3*o - o + 3*o - 1 - o**2 + 2. Suppose 6*g - 11*g = -45. Let b = -9 + g. What is m(b)?
1
Suppose -2*u - 2*u + 36 = 4*o, -o - 11 = -4*u. Suppose -o*w = -3*w + 8. Let c(s) = s**2 - 4*s**3 - 3 + 2*s**2 + 2*s**3 + 3*s**3 - 5*s. Give c(w).
1
Let r = -242 - -245. Let f(l) = -l**3 + 2*l**2 - 5*l + 2. What is f(r)?
-22
Let t(c) = -c**3 - c - 3. Let k be 14/7 + 5 + -12 + 5. What is t(k)?
-3
Let d(a) = 3 + 1 - 5 - a**2 - 8*a. Suppose 0 = 3*i + 3*i - 954. Suppose 5*w - 129 + i = 0. Determine d(w).
11
Let o(l) = 9*l + 7. Let s(a) = 11*a + 5. Let v(x) = -3*o(x) + 4*s(x). Calculate v(1).
16
Let a(l) = 3*l - l + 0*l - l**2 + 4*l + 6. What is a(8)?
-10
Let v(n) = -2*n + 2. Let o(a) = -4*a + 3. Let y(c) = o(c) - v(c). Determine y(2).
-3
Let i(r) = r**3 + 9*r**2 - 5*r + 11. Let s(v) = 3*v**3 + 26*v**2 - 15*v + 32. Let t(j) = -8*i(j) + 3*s(j). Suppose 0 = -2*g, 3*g + 1 = -o - 6. Determine t(o).
-6
Suppose -4*v + 2*x + 0 = 4, 3*v = 3*x - 9. Let z(a) = -5*a - 2. What is z(v)?
-7
Let z(t) be the second derivative of 3*t**5/4 - t**4/6 + t**3/3 - t**2/2 + 165*t. Give z(1).
14
Let o be -6*(20/(-8) - -2). Let h(x) = -x**o - 2 - 2 - 9*x + 3 - 2 - 7*x**2. Let w = 11 + -17. What is h(w)?
15
Let t(x) be the third derivative of -x**4/12 + 7*x**3/6 - 84*x**2. Give t(4).
-1
Let z(q) = -q**2 + 8*q + 4. Suppose -5*h + 5*f = -60, 3*h + 18*f = 14*f + 8. Calculate z(h).
4
Let c(p) be the first derivative of -14 + p - p**2 - 1/3*p**3. Give c(-3).
-2
Let x(v) = v. Let m(i) = -2*i + 2. Let h(f) = m(f) + 3*x(f). Let o be 1*(-4 + -1)*1. Give h(o).
-3
Let f(z) = -486*z + z**3 - 468*z + 1 - 1 + 950*z. Let i = -3 - 0. What is f(i)?
-15
Suppose h - o - 3 = 0, o - 6*o - 15 = 3*h. Suppose -4*q = -h*q - 20. Suppose 12 = -9*z + q*z. Let b(s) = s**3 + 5*s**2 + 5*s + 3. What is b(z)?
6
Let p(m) = -m**3 - 5 - 5*m**2 - 2*m + m - m. Let i be (12/(-24))/(2/20). What is p(i)?
5
Let n(m) be the second derivative of -m**3/3 + 9*m**2/2 + m. Suppose 63*g - 56*g - 42 = 0. Determine n(g).
-3
Let z(u) = u + 13. Suppose -2*h = -27 + 41. Determine z(h).
6
Let o(u) = -u + 60 - 39 - 31. Let m = -3 + 3. Let h = 0 + m. Determine o(h).
-10
Let c be -8 - -9 - (-2 + (4 - -2)). Let v(p) = -p**3 - 5*p**2 - 5*p + 4. What is v(c)?
1
Let m = -29 + 26. Let w(s) = -s**3 - 3*s**2 - 4*s + 6. Let k(g) = -g**3 - 2*g**2 - 5*g + 7. Let j(u) = 2*k(u) - 3*w(u). Calculate j(m).
8
Let k(q) = -749*q**2 + 372*q**2 + 9 + 376*q**2 + 1 - 17*q. Give k(-17).
10
Let h(z) be the third derivative of z**5/60 - 9*z**4/8 + 73*z**3/6 + 46*z**2 - z. Calculate h(24).
1
Suppose -5*m + 6*t = 9*t + 4, t = 2. Let i(q) = -5*q. Calculate i(m).
10
Let x(r) = -r**3 - 2*r**2 - r - 1. Let d = 143 + -66. Let c be (-168)/d + 4/22. Determine x(c).
1
Let i(m) = 7*m + 1. Let a(j) = 9*j + 1. Let f(y) = 3*a(y) - 2*i(y). Determine f(2).
27
Let n be 16/(-20)*(-25)/(-2). Let k(f) = f**3 + 10*f**2 - 4*f + 4. Determine k(n).
44
Let i be 39/(-52) - 114/8. Let b = 18 + i. Let c(f) = 3*f**3 + 3*f**2 + 3*f + 9. Let l(r) = -2*r**3 - r**2 - 2*r - 5. Let q(v) = -3*c(v) - 5*l(v). Give q(b).
-8
Suppose 0 = 4*z - 9*z + 5. Let s(r) = -r**3 - r**2 + r + 1. What is s(z)?
0
Let s(c) = 7*c**3 - 2*c - 2. Let b be s(-1). Let w(u) be the first derivative of u**2/2 + 15*u + 15. Determine w(b).
8
Let v be (-4 + (-27)/(-6))*18. Let b(n) = -v*n + 4 - 11*n + 19*n. Calculate b(-3).
7
Let v(j) = -j**2 - 3*j - 7. Let z(f) = -2*f**2 - 7*f - 16. Let n(m) = 9*v(m) - 4*z(m). Give n(3).
-5
Let t(h) = -h**3 - 3*h**2 + 2*h + 4. Let d(z) be the second derivative of -z**5/20 - z**4 + 8*z**3/3 + 35*z**2/2 - 27*z. Let a be d(-13). Give t(a).
12
Let w(v) be the second derivative of -v**4 + 0 + 0*v**2 + 1/360*v**6 + 6*v + 0*v**3 + 1/120*v**5. Let g(u) be the third derivative of w(u). Determine g(1).
3
Let h(n) = n**2 - 7*n - 19. Suppose -9*v - 303 + 384 = 0. Determine h(v).
-1
Let h(g) = -3*g**3 - 4*g**2 - 4*g + 5. Let z(u) = 8*u**3 + 12*u**2 + 11*u - 14. Let n(c) = -